 prime factors of d?
2, 3, 17
Suppose s = 9 + 13. List the prime factors of s.
2, 11
What are the prime factors of 150/20*(-16)/(-10)?
2, 3
Let u = 6 - 4. Suppose f - u = 2*f. What are the prime factors of ((f + 7)*-1)/(-1)?
5
Suppose 544 = 4*d - 4*j, 2*j - 388 = 6*d - 9*d. List the prime factors of d.
2, 3, 11
Let d = 18 + -26. Let o be 2/d - 485/(-20). Suppose 3*z - o = -0*z. What are the prime factors of z?
2
Suppose 0 = -6*s + 520 + 164. What are the prime factors of s?
2, 3, 19
List the prime factors of (-39)/(-12) + (-2)/8 - -159.
2, 3
Let h(q) = -179*q**3 + q**2. Let j be h(-1). Suppose -4*z = -2*s - j, -3*z - 3*s + 126 = -0*z. Let l = -29 + z. What are the prime factors of l?
3, 5
Suppose u = -4*u + 120. List the prime factors of u.
2, 3
Suppose 29 = g - 72. List the prime factors of g.
101
Let p = 109 - 68. Let w = 78 - p. What are the prime factors of w?
37
Let a = 478 + -295. List the prime factors of a.
3, 61
Suppose -4*j + 758 = -2*a, 4*j - j - 4*a - 556 = 0. What are the prime factors of j?
2, 3
List the prime factors of 0/(6 - 10) + 54.
2, 3
Suppose -f - 45 + 173 = 0. List the prime factors of f.
2
Suppose -5 = 4*h + 7. List the prime factors of (-12)/(-8)*(-52)/h.
2, 13
Suppose -5 + 17 = 3*h. Suppose -2*r - 17 = -4*n + 3*r, 4*r + 20 = h*n. List the prime factors of n.
2
Suppose 2*n = 123 - 5. List the prime factors of n.
59
Let k(d) = d**2 + 9*d + 21. What are the prime factors of k(-15)?
3, 37
Let j = -2 - -3. Let o(l) = j - 1 + 6*l - l. List the prime factors of o(1).
5
Let p be -1 + 21/3 + 1. Suppose 4*j + 3*r - 6*r = p, 5*j = -2*r + 26. What are the prime factors of j?
2
Let r(c) = c + 1. Let g(m) = -m. Let w(y) = 2*g(y) - r(y). List the prime factors of w(-5).
2, 7
Suppose -12*b = -18*b + 570. What are the prime factors of b?
5, 19
Let q be (-1 - 0)/(-1) - 11. Let b = -8 - q. Suppose 0 = b*j + 4*p - 28, -4*j - p = -4*p - 1. What are the prime factors of j?
2
Suppose 4*v = 4*k + 688, 2*v = -0*v + 5*k + 356. List the prime factors of v.
2, 3, 7
Let z be 3/15 + 32/(-10). Let u = 9 + z. Suppose -h + u = -0. List the prime factors of h.
2, 3
Let f(v) = -v**2 - 4*v - 3. Let s be f(-2). Suppose -s = -2*a + 3. What are the prime factors of a?
2
Let o(b) = -b**2 - 11*b + 10. Let q be o(-11). Let z = 7 + q. What are the prime factors of z?
17
Let k(n) = 5*n - 1. Let a be k(1). Suppose -4*h = -a*g + g - 44, 1 = 3*g + 5*h. Let o(z) = -z**2 - 8*z + 2. List the prime factors of o(g).
2
Suppose 5*i + 15 = 80. List the prime factors of i.
13
Let p be -5 + -2 + 3/3. List the prime factors of (0 - p) + (2 - 2).
2, 3
Suppose 0*j = 3*j - 12. Suppose 0 = -j*g - 0*g + 56. What are the prime factors of g?
2, 7
Let l = -159 - -307. List the prime factors of l.
2, 37
Let d = 39 - 33. List the prime factors of d.
2, 3
Let h be -9*(-2 + 5/3). Suppose -25 = -h*n - 1. What are the prime factors of n?
2
Let x(n) = 2*n**3 + 2 - n**3 + 11*n**2 - 1 + 0 + 9*n. List the prime factors of x(-10).
11
Let q = 73 - 46. Let g = -12 + q. List the prime factors of g.
3, 5
Suppose -3*p - 6*a + 70 = -2*a, -4*a = -4*p + 84. What are the prime factors of p?
2, 11
Suppose -3*c + 24 = l, 4*c = -2*l + 13 + 41. List the prime factors of l.
3, 11
Let q = 7 - 10. Let s be (0 - -4)*(-3)/q. What are the prime factors of (-26)/(-4) - (-2)/s?
7
Let d be -33*((-64)/(-12))/4. Let p = d - -72. What are the prime factors of p?
2, 7
Let v(c) = -13*c - 13. What are the prime factors of v(-11)?
2, 5, 13
Suppose h + 3*f = 91, h + 5*f = 62 + 19. List the prime factors of h.
2, 53
List the prime factors of ((-213)/6)/((-2)/4).
71
Let k(g) be the second derivative of -g**4/12 - 5*g**3/6 + 7*g**2/2 - g. Let s(b) = b**2 - 7*b - 13. Let y be s(8). What are the prime factors of k(y)?
7
Let f be 14/5 + (-1)/(-5). Let n be -3 - (0/3 - 3). Suppose n = f*t - 5*t + 18. List the prime factors of t.
3
Let q(c) = -76*c - 1. Let s be q(-1). List the prime factors of -20*5/(s/(-12)).
2
Suppose 18 = 5*q - 47. List the prime factors of q.
13
Let d(v) = 40*v - 6. What are the prime factors of d(1)?
2, 17
Let p(q) be the second derivative of -q**3/6 + 4*q**2 + 2*q. Let w be p(6). Let u = 6 + w. List the prime factors of u.
2
Let w(b) = -b**3 - 10*b**2 + 2. Let j be w(-10). Suppose -4*s = -j*s - 42. List the prime factors of s.
3, 7
Let h = 4 + 0. Suppose 3*s = h*n + 19, 2*n - s - 3 + 10 = 0. Let w = 11 + n. List the prime factors of w.
2, 5
Let d be (-2514)/(-30) + 1/5. Let n = d + -58. What are the prime factors of n?
2, 13
Let d be (-2904)/(-54) - (-4)/18. Suppose -d + 12 = -3*q. List the prime factors of q.
2, 7
Let g(d) = -5*d**3 + 8*d**2 - 17*d**2 + 6*d**2. List the prime factors of g(-2).
2, 7
Suppose 5*v - 5 = -2*c - 33, 2*v + 10 = -2*c. Let t = v - -8. What are the prime factors of t?
2
Suppose -7*o = -3*o + 2*t - 90, 5*t = 25. What are the prime factors of 648/o - (-3)/5?
3, 11
Let d(p) = 11*p - 1. What are the prime factors of d(1)?
2, 5
Suppose -5*v - 4*y = -4, -2*y + 2 = -2*v - 0*y. What are the prime factors of (22 - v)*(-45)/(-18)?
5, 11
Suppose -4*c + 135 + 17 = 0. Let z = c - 20. List the prime factors of z.
2, 3
Suppose 14*w = 17*w + 201. Let d = w - -118. What are the prime factors of d?
3, 17
List the prime factors of 4/(-6)*(-999)/18.
37
List the prime factors of (0 - 3)*9/(-1).
3
Suppose m - 3*m = -8. Suppose -4 = q + 3*q, m*q + 12 = 2*t. What are the prime factors of t?
2
Let t(y) = 3*y + 4. Let a(p) = -p. Let d(m) = -2*a(m) - t(m). What are the prime factors of d(-7)?
3
Let w be 9/(-6)*(-98)/3. Suppose 69 = -3*r + 3*a, -3*r + 0*r - a = w. List the prime factors of (-104)/(-10) + r/45.
2, 5
Let l(i) = i**3 + 2*i. List the prime factors of l(3).
3, 11
Let u(i) = 3*i**2 + i. Let g be u(-2). Let k be 186/g - (-3)/(-5). Suppose -p + 3*p - k = 0. List the prime factors of p.
3
Suppose 7*k - 928 = 661. What are the prime factors of k?
227
Suppose -2*r = b - 80, 4*r - 5*b = -0*r + 146. What are the prime factors of r?
3, 13
Let j(h) = 2*h**3 - 7*h**2 + 8*h - 12. What are the prime factors of j(4)?
2, 3
Suppose 22*q = 11*q + 4565. List the prime factors of q.
5, 83
Suppose 2*f = -21 + 95. List the prime factors of f.
37
Let w(j) = j + 2*j**2 - 2*j + j**3 + 2*j**3. Let h be w(1). Suppose 6*y = h*y + 2*m + 16, -2*y + 25 = -5*m. List the prime factors of y.
5
Let h be 3/4*(9 - 5). Suppose -1 = -v + h. What are the prime factors of v?
2
Let j = 2 - -1. Let t be 32 + (2 - 0)/(-1). Suppose 0 = -o + j*o - t. List the prime factors of o.
3, 5
Let o = -1 + 1. Suppose o = 3*m - 5*m + 8. List the prime factors of m.
2
Suppose -9 = -0*u + u. Let d(y) = -5*y - 5. Let w be d(u). Suppose w = 4*x - 0*x. What are the prime factors of x?
2, 5
Let k = 11 - 9. Suppose 5*i - 70 = -5*y, -y + 24 = k*i - 0*y. What are the prime factors of i?
2, 5
Let y = 58 + -15. Suppose 5*j - y - 162 = 0. Let v = j + -19. List the prime factors of v.
2, 11
Suppose 4*w - 10 = -2. Let j = 6 - w. What are the prime factors of j?
2
Let v(s) = -3*s - 6. Let t be v(-7). Let u = -4 + t. List the prime factors of u.
11
Suppose r + r = 360. Suppose 0 = 3*n - r - 48. Suppose -y + 5*t - 8 = 0, 4*t = -5*y - 0*y + n. List the prime factors of y.
2, 3
Suppose -2*c = 4*m - 28, -2*m = 2*m - 5*c. Suppose y + 2*y + 145 = -5*j, 2*j - m*y + 27 = 0. What are the prime factors of j/(-4) - (-1)/2?
7
Let k = -59 - -42. Let d = k - -36. List the prime factors of d.
19
List the prime factors of 18*(-5)/30*-44.
2, 3, 11
Let w(t) be the second derivative of t**3/3 + 2*t. Let c be w(2). Suppose -10 = -c*r + 22. List the prime factors of r.
2
Let y = 10 - 3. What are the prime factors of 9/(-3) + (y - 0)?
2
Let m(i) = -i + 7. Let s be m(5). Let j be (s/6)/(1/15). Let o = j - 1. What are the prime factors of o?
2
Let d(y) = -y**3 - 5*y**2 - 4*y - 6. Let m be d(-4). What are the prime factors of (4/6)/(m/(-171))?
19
Let u(b) be the second derivative of -7*b**3/6 - 12*b**2 - 9*b. List the prime factors of u(-10).
2, 23
Suppose -x + 4*h = 3*x - 160, -5*h + 220 = 5*x. Let u = x + -30. List the prime factors of u.
2, 3
Let f = -65 - -200. What are the prime factors of f?
3, 5
Let d(j) be the second derivative of j**4/12 + 5*j**3/6 - 3*j**2/2 + j. Let r(f) = -f**3 - 5*f**2 - 6. Let l be r(-5). List the prime factors of d(l).
3
Let h = 394 + -231. What are the pri